late the greatest common factor of 5818168 and 16.
8
What is the greatest common factor of 717524 and 172?
4
What is the greatest common divisor of 2890952 and 2176?
136
Calculate the highest common factor of 656 and 1618516.
164
What is the greatest common divisor of 549 and 19626714?
9
Calculate the greatest common divisor of 27966 and 160598.
118
Calculate the highest common divisor of 37920 and 470.
10
What is the highest common divisor of 214320 and 968012?
3572
What is the highest common factor of 7041 and 339?
3
What is the highest common divisor of 48404057 and 52?
13
Calculate the greatest common divisor of 7509 and 1344418869.
7509
What is the highest common divisor of 3357 and 2898?
9
What is the highest common divisor of 3040537 and 61296?
1277
Calculate the greatest common factor of 322919625 and 735.
105
Calculate the greatest common factor of 38687745 and 516.
129
Calculate the greatest common divisor of 171 and 71486341.
19
Calculate the highest common factor of 80672 and 39712.
32
What is the highest common divisor of 34304825 and 11600?
725
What is the highest common factor of 6095845 and 15985?
695
Calculate the greatest common factor of 31275 and 200115.
45
Calculate the highest common factor of 112165 and 1565.
5
What is the greatest common factor of 16 and 296530584?
8
Calculate the greatest common factor of 631136 and 1760.
352
What is the highest common divisor of 162948956 and 1616?
404
Calculate the highest common factor of 18 and 1813944.
6
What is the highest common divisor of 99959928 and 60792?
3576
Calculate the highest common factor of 12689111 and 622.
311
What is the greatest common factor of 2370 and 746631370?
790
Calculate the highest common factor of 2930 and 330950.
10
Calculate the highest common divisor of 30489300 and 12.
12
Calculate the greatest common divisor of 2648 and 6888368.
8
What is the highest common divisor of 9845 and 10123355?
55
What is the greatest common divisor of 48800 and 18422?
122
What is the highest common divisor of 1070 and 35319095?
535
Calculate the highest common factor of 10413 and 25857.
117
Calculate the greatest common divisor of 2385406 and 14450.
578
Calculate the greatest common divisor of 1589988311 and 254.
127
Calculate the greatest common divisor of 9940 and 2756180.
140
Calculate the greatest common divisor of 241 and 3632992819.
241
What is the highest common factor of 527538 and 8998?
22
What is the highest common divisor of 30 and 621764490?
30
Calculate the highest common factor of 951456 and 26288.
848
Calculate the greatest common factor of 175439 and 226402.
451
What is the highest common divisor of 17 and 6359411?
17
Calculate the highest common divisor of 90 and 35737110.
90
Calculate the highest common factor of 127120 and 9352.
56
Calculate the highest common divisor of 19158 and 1050590.
62
What is the highest common factor of 447153 and 14925?
597
What is the highest common factor of 28673 and 32?
1
Calculate the highest common divisor of 1860 and 653580.
60
Calculate the greatest common divisor of 3079686 and 3366.
102
What is the greatest common divisor of 894796 and 73388?
28
Calculate the greatest common factor of 2025819360 and 4176.
4176
What is the greatest common divisor of 5955 and 582915?
15
Calculate the highest common factor of 6322359 and 1577.
83
What is the greatest common factor of 27808 and 5960392?
632
Calculate the greatest common divisor of 5986304 and 4385536.
9472
What is the highest common factor of 803723 and 20623?
41
What is the greatest common divisor of 2363688 and 1809831?
1059
What is the greatest common factor of 435 and 6892845?
15
Calculate the highest common divisor of 5139 and 85197.
3
What is the highest common divisor of 173393 and 25047?
121
What is the greatest common divisor of 870794 and 36?
2
Calculate the highest common factor of 393 and 190693425.
393
Calculate the greatest common factor of 31681716 and 389.
389
What is the greatest common factor of 108 and 42492066?
6
Calculate the highest common factor of 2384 and 2629403.
149
Calculate the greatest common factor of 14244 and 76332.
12
Calculate the greatest common factor of 18860415 and 435.
15
What is the greatest common factor of 31941 and 1780947?
189
What is the highest common factor of 10441 and 67681?
53
Calculate the greatest common factor of 6375130 and 10.
10
Calculate the highest common divisor of 9334660 and 50.
10
What is the highest common divisor of 179539798 and 1004?
502
Calculate the greatest common factor of 5264 and 168495.
47
Calculate the highest common factor of 84 and 18506929.
7
What is the highest common divisor of 828 and 141497748?
828
Calculate the greatest common factor of 265 and 341484883.
53
What is the highest common divisor of 24556 and 72884?
28
Calculate the highest common factor of 1086690 and 298590.
1110
What is the greatest common divisor of 7386 and 31986?
6
What is the greatest common factor of 13970 and 20570?
110
Calculate the greatest common factor of 8878 and 9006538.
386
What is the greatest common factor of 281887515 and 1995?
1995
What is the greatest common factor of 70219 and 2200525?
989
What is the greatest common factor of 594550 and 21758?
506
What is the greatest common divisor of 145396 and 867486?
326
Calculate the greatest common divisor of 231583055 and 440.
55
What is the highest common divisor of 135 and 23107005?
135
Calculate the highest common divisor of 110344 and 832.
104
Calculate the highest common divisor of 166912753 and 7.
7
Calculate the greatest common factor of 5019588 and 24318.
126
What is the greatest common divisor of 1612 and 702956?
124
What is the greatest common divisor of 6122530 and 4813769?
5617
What is the highest common divisor of 11 and 51701023?
11
What is the greatest common divisor of 1804 and 53541136?
44
What is the greatest common divisor of 33117298 and 96020?
9602
Calculate the greatest common divisor of 46693538 and 58.
58
What is the greatest common factor of 171795 and 101205?
195
What is the highest common divisor of 986 and 5025149?
493
Calculate the highest common divisor of 3764 and 244942300.
3764
What is the highest common divisor of 1218 and 1580026?
14
Calculate the greatest common factor of 20275416 and 8210.
1642
Calculate the greatest common divisor of 24973 and 5774639.
1469
What is the greatest common factor of 1045 and 18694841?
209
What is the highest common divisor of 1428980 and 6785?
295
What is the greatest common factor of 825920 and 1?
1
Calculate the highest common divisor of 3708 and 153720.
36
What is the greatest common divisor of 1214123 and 1887?
17
What is the highest common factor of 50568 and 38005464?
7224
Calculate the greatest common divisor of 1820 and 4645900.
140
What is the highest common divisor of 1692 and 119281488?
564
Calculate the greatest common factor of 6367470 and 9690.
570
What is the highest common divisor of 59840 and 93115?
55
What is the greatest common factor of 48831 and 89175?
123
Calculate the greatest common divisor of 116661 and 10434.
111
Calculate the highest common factor of 406 and 64055026.
406
Calculate the greatest common factor of 183495 and 93171.
39
What is the highest common factor of 225780 and 56516?
284
What is the greatest common factor of 2331428 and 1452?
484
Calculate the highest common divisor of 25143988 and 5004.
556
What is the highest common factor of 13457108 and 127624?
1204
What is the highest common factor of 9974468 and 3192?
532
Calculate the highest common divisor of 6726 and 1664095.
59
What is the highest common divisor of 16611 and 116081?
49
Calculate the greatest common factor of 2452330 and 7220.
190
What is the highest common divisor of 5035 and 8708137?
19
Calculate the greatest common factor of 213848059 and 1102.
551
Calculate the highest common factor of 1265273 and 1.
1
What is the highest common divisor of 29624670 and 1080?
270
Calculate the greatest common factor of 177880 and 24264.
8
Calculate the highest common factor of 56234832 and 624.
48
Calculate the highest common divisor of 20 and 12535255.
5
What is the highest common factor of 1801296 and 189?
63
Calculate the highest common factor of 16592 and 329596.
68
Calculate the highest common divi